 when 129 is divided by 55?
19
Calculate the remainder when 1597 is divided by 62.
47
What is the remainder when 2339 is divided by 52?
51
What is the remainder when 508 is divided by 52?
40
Calculate the remainder when 639 is divided by 16.
15
What is the remainder when 448 is divided by 98?
56
What is the remainder when 39 is divided by 14?
11
What is the remainder when 284 is divided by 19?
18
Calculate the remainder when 460 is divided by 115.
0
Calculate the remainder when 76 is divided by 55.
21
Calculate the remainder when 11 is divided by 6.
5
Calculate the remainder when 153 is divided by 74.
5
What is the remainder when 164 is divided by 7?
3
What is the remainder when 387 is divided by 6?
3
Calculate the remainder when 627 is divided by 204.
15
What is the remainder when 399 is divided by 134?
131
Calculate the remainder when 1738 is divided by 297.
253
What is the remainder when 389 is divided by 58?
41
Calculate the remainder when 92 is divided by 33.
26
Calculate the remainder when 335 is divided by 88.
71
What is the remainder when 592 is divided by 207?
178
What is the remainder when 29 is divided by 4?
1
Calculate the remainder when 849 is divided by 6.
3
What is the remainder when 135 is divided by 10?
5
Calculate the remainder when 9291 is divided by 38.
19
Calculate the remainder when 95 is divided by 28.
11
Calculate the remainder when 388 is divided by 89.
32
Calculate the remainder when 101 is divided by 13.
10
What is the remainder when 2331 is divided by 44?
43
What is the remainder when 30 is divided by 17?
13
What is the remainder when 3848 is divided by 1280?
8
Calculate the remainder when 103 is divided by 42.
19
Calculate the remainder when 6036 is divided by 275.
261
What is the remainder when 1000 is divided by 454?
92
Calculate the remainder when 576 is divided by 146.
138
What is the remainder when 6304 is divided by 6?
4
Calculate the remainder when 178 is divided by 58.
4
Calculate the remainder when 1818 is divided by 139.
11
Calculate the remainder when 338 is divided by 31.
28
What is the remainder when 145 is divided by 38?
31
What is the remainder when 672 is divided by 39?
9
What is the remainder when 3655 is divided by 8?
7
What is the remainder when 557 is divided by 33?
29
Calculate the remainder when 403 is divided by 144.
115
What is the remainder when 1093 is divided by 90?
13
Calculate the remainder when 7900 is divided by 304.
300
What is the remainder when 53 is divided by 33?
20
What is the remainder when 975 is divided by 9?
3
Calculate the remainder when 202 is divided by 12.
10
What is the remainder when 4312 is divided by 1437?
1
What is the remainder when 785 is divided by 21?
8
What is the remainder when 265 is divided by 19?
18
What is the remainder when 149 is divided by 59?
31
Calculate the remainder when 57391 is divided by 13.
9
Calculate the remainder when 560 is divided by 53.
30
What is the remainder when 2299 is divided by 25?
24
What is the remainder when 74 is divided by 19?
17
What is the remainder when 139 is divided by 13?
9
Calculate the remainder when 317 is divided by 284.
33
Calculate the remainder when 4408 is divided by 50.
8
Calculate the remainder when 76 is divided by 30.
16
Calculate the remainder when 2945 is divided by 11.
8
What is the remainder when 2012 is divided by 49?
3
What is the remainder when 128 is divided by 116?
12
Calculate the remainder when 4431 is divided by 111.
102
What is the remainder when 2040 is divided by 186?
180
What is the remainder when 696 is divided by 111?
30
Calculate the remainder when 2629 is divided by 26.
3
Calculate the remainder when 90 is divided by 19.
14
Calculate the remainder when 534 is divided by 94.
64
Calculate the remainder when 4953 is divided by 4.
1
What is the remainder when 152 is divided by 31?
28
What is the remainder when 770 is divided by 111?
104
Calculate the remainder when 223 is divided by 8.
7
What is the remainder when 2239 is divided by 20?
19
Calculate the remainder when 1818 is divided by 3.
0
Calculate the remainder when 341 is divided by 19.
18
What is the remainder when 927 is divided by 31?
28
Calculate the remainder when 3064 is divided by 439.
430
Calculate the remainder when 123 is divided by 38.
9
Calculate the remainder when 2973 is divided by 96.
93
What is the remainder when 413 is divided by 203?
7
Calculate the remainder when 485 is divided by 19.
10
What is the remainder when 377 is divided by 194?
183
Calculate the remainder when 2144 is divided by 46.
28
What is the remainder when 469 is divided by 10?
9
What is the remainder when 2435 is divided by 46?
43
Calculate the remainder when 99 is divided by 18.
9
Calculate the remainder when 394 is divided by 140.
114
What is the remainder when 85 is divided by 37?
11
What is the remainder when 202 is divided by 34?
32
Calculate the remainder when 181 is divided by 46.
43
Calculate the remainder when 2350 is divided by 14.
12
What is the remainder when 57 is divided by 22?
13
What is the remainder when 265 is divided by 98?
69
What is the remainder when 134 is divided by 34?
32
What is the remainder when 937 is divided by 47?
44
What is the remainder when 1028 is divided by 177?
143
Calculate the remainder when 397 is divided by 127.
16
Calculate the remainder when 384 is divided by 289.
95
Calculate the remainder when 89 is divided by 17.
4
What is the remainder when 1655 is divided by 273?
17
Calculate the remainder when 127 is divided by 47.
33
What is the remainder when 168 is divided by 67?
34
What is the remainder when 72 is divided by 37?
35
What is the remainder when 1481 is divided by 16?
9
What is the remainder when 236 is divided by 60?
56
Calculate the remainder when 310 is divided by 40.
30
What is the remainder when 212 is divided by 36?
32
Calculate the remainder when 433 is divided by 30.
13
Calculate the remainder when 4689 is divided by 46.
43
What is the remainder when 425 is divided by 86?
81
What is the remainder when 132 is divided by 35?
27
What is the remainder when 146 is divided by 69?
8
Calculate the remainder when 10228 is divided by 193.
192
Calculate the remainder when 53 is divided by 18.
17
Calculate the remainder when 9389 is divided by 15.
14
Calculate the remainder when 5525 is divided by 9.
8
Calculate the remainder when 844 is divided by 45.
34
Calculate the remainder when 575 is divided by 233.
109
Calculate the remainder when 32355 is divided by 131.
129
What is the remainder when 438 is divided by 70?
18
What is the remainder when 250 is divided by 63?
61
Calculate the remainder when 1183 is divided by 37.
36
What is the remainder when 925 is divided by 61?
10
Calculate the remainder when 320 is divided by 68.
48
Calculate the remainder when 250 is divided by 84.
82
Calculate the remainder when 45 is divided by 25.
20
Calculate the remainder when 152 is divided by 51.
50
Calculate the remainder when 734 is divided by 255.
224
Calculate the remainder when 2792 is divided by 2790.
2
What is the remainder when 257 is divided by 155?
102
Calculate the remainder when 216 is divided by 39.
21
What is the remainder when 510 is divided by 176?
158
What is the remainder when 67 is divided by 30?
7
Calculate the remainder when 338 is divided by 334.
4
Calculate the remainder when 26 is divided by 2.
0
What is the remainder when 90 is divided by 33?
24
Calculate the remainder when 121 is divided by 119.
2
Calculate the remainder when 1095 is divided by 90.
15
What is the remainder when 40 is divided by 13?
1
What is the remainder when 2349 is divided by 98?
95
What is the remainder when 784 is divided by 50?
34
What is the remainder when 6466 is divided by 82?
70
What is the remainder when 202 is divided by 29?
28
Calculate the remainder when 3158 is divided by 14.
8
Calculate the remainder when 291 is divided by 14.
11
What is the remainder when 3152 is divided by 83?
81
What is the remainder when 30 is divided by 4?
2
What is the remainder when 4096 is divided by 152?
144
Calculate the remainder when 29 is divided by 6.
5
What is the remainder when 2128 is divided by 82?
78
Calculate the remainder when 340 is divided by 85.
0
Calculate the remainder when 55842 is divided by 51.
48
What is the remainde